
What is the thousands digit of 63203?
3
What is the hundreds digit of 23555?
5
What is the hundreds digit of 7188?
1
What is the units digit of 26911?
1
What is the hundreds digit of 22707?
7
What is the hundreds digit of 8193?
1
What is the units digit of 1403?
3
What is the ten thousands digit of 32109?
3
What is the thousands digit of 28447?
8
What is the units digit of 645?
5
What is the units digit of 1285?
5
What is the hundreds digit of 3878?
8
What is the ten thousands digit of 13624?
1
What is the units digit of 45067?
7
What is the tens digit of 56524?
2
What is the ten thousands digit of 25395?
2
What is the thousands digit of 1997?
1
What is the units digit of 3138?
8
What is the units digit of 14955?
5
What is the hundreds digit of 33125?
1
What is the tens digit of 4151?
5
What is the hundreds digit of 394?
3
What is the tens digit of 1389?
8
What is the thousands digit of 11779?
1
What is the units digit of 324?
4
What is the thousands digit of 102616?
2
What is the tens digit of 2566?
6
What is the units digit of 421?
1
What is the units digit of 83369?
9
What is the units digit of 47201?
1
What is the units digit of 31200?
0
What is the tens digit of 8680?
8
What is the hundreds digit of 1693?
6
What is the ten thousands digit of 17450?
1
What is the tens digit of 3530?
3
What is the tens digit of 1446?
4
What is the ten thousands digit of 189938?
8
What is the units digit of 4614?
4
What is the thousands digit of 39681?
9
What is the tens digit of 19489?
8
What is the units digit of 2283?
3
What is the hundreds digit of 23225?
2
What is the units digit of 59?
9
What is the thousands digit of 12702?
2
What is the units digit of 3854?
4
What is the hundreds digit of 427?
4
What is the hundreds digit of 26420?
4
What is the thousands digit of 10007?
0
What is the tens digit of 2091?
9
What is the tens digit of 478?
7
What is the tens digit of 35499?
9
What is the units digit of 30239?
9
What is the units digit of 5477?
7
What is the units digit of 467?
7
What is the tens digit of 981?
8
What is the thousands digit of 2954?
2
What is the thousands digit of 13817?
3
What is the hundreds digit of 1949?
9
What is the tens digit of 41?
4
What is the ten thousands digit of 34655?
3
What is the thousands digit of 7366?
7
What is the hundreds digit of 288?
2
What is the ten thousands digit of 112100?
1
What is the tens digit of 26896?
9
What is the units digit of 98059?
9
What is the tens digit of 8802?
0
What is the hundreds digit of 8530?
5
What is the thousands digit of 2829?
2
What is the thousands digit of 1017?
1
What is the thousands digit of 2766?
2
What is the ten thousands digit of 29124?
2
What is the tens digit of 34830?
3
What is the thousands digit of 17971?
7
What is the thousands digit of 10057?
0
What is the units digit of 30686?
6
What is the units digit of 404?
4
What is the tens digit of 23196?
9
What is the thousands digit of 6222?
6
What is the hundreds digit of 3943?
9
What is the units digit of 15051?
1
What is the hundreds digit of 226?
2
What is the units digit of 1939?
9
What is the hundreds digit of 38088?
0
What is the ten thousands digit of 14099?
1
What is the units digit of 15479?
9
What is the hundreds digit of 22922?
9
What is the tens digit of 272?
7
What is the ten thousands digit of 68550?
6
What is the thousands digit of 2561?
2
What is the units digit of 308?
8
What is the thousands digit of 9236?
9
What is the ten thousands digit of 12083?
1
What is the tens digit of 1534?
3
What is the thousands digit of 65353?
5
What is the units digit of 580?
0
What is the hundreds digit of 1019?
0
What is the tens digit of 4682?
8
What is the tens digit of 593?
9
What is the thousands digit of 1860?
1
What is the thousands digit of 1047?
1
What is the thousands digit of 1315?
1
What is the tens digit of 2026?
2
What is the ten thousands digit of 27350?
2
What is the thousands digit of 39204?
9
What is the units digit of 10085?
5
What is the thousands digit of 86568?
6
What is the units digit of 33409?
9
What is the tens digit of 440?
4
What is the thousands digit of 2047?
2
What is the tens digit of 8164?
6
What is the hundreds digit of 20181?
1
What is the tens digit of 1383?
8
What is the hundreds digit of 20014?
0
What is the hundreds digit of 2368?
3
What is the ten thousands digit of 32154?
3
What is the ten thousands digit of 10466?
1
What is the tens digit of 15212?
1
What is the units digit of 696?
6
What is the hundreds digit of 24486?
4
What is the hundreds digit of 940?
9
What is the thousands digit of 31885?
1
What is the thousands digit of 1809?
1
What is the hundreds digit of 4636?
6
What is the units digit of 27080?
0
What is the thousands digit of 7127?
7
What is the hundreds digit of 3216?
2
What is the units digit of 20737?
7
What is the units digit of 577?
7
What is the hundreds digit of 111825?
8
What is the hundreds digit of 555?
5
What is the hundreds digit of 820?
8
What is the thousands digit of 2111?
2
What is the units digit of 30505?
5
What is the units digit of 1068?
8
What is the hundreds digit of 3834?
8
What is the units digit of 45166?
6
What is the thousands digit of 1427?
1
What is the tens digit of 2258?
5
What is the thousands digit of 3113?
3
What is the ten thousands digit of 62032?
6
What is the tens digit of 747?
4
What is the ten thousands digit of 26655?
2
What is the thousands digit of 2969?
2
What is the hundreds digit of 3713?
7
What is the tens digit of 9338?
3
What is the thousands digit of 2804?
2
What is the hundreds digit of 1935?
9
What is the units digit of 38929?
9
What is the hundreds digit of 12982?
9
What is the units digit of 67807?
7
What is the thousands digit of 1880?
1
What is the tens digit of 866?
6
What is the tens digit of 1736?
3
What is the tens digit of 287?
8
What is the units digit of 27186?
6
What is the thousands digit of 6332?
6
What is the hundreds digit of 1139?
1
What is the units digit of 743?
3
What is the ten thousands digit of 34624?
3
What is the units digit of 737?
7
What is the units digit of 6283?
3
What is the units digit of 1941?
1
What is the tens digit of 29761?
6
What is the units digit of 629?
9
What is the thousands digit of 3754?
3
What is the thousands digit of 12120?
2
What is the tens digit of 1643?
4
What is the hundreds digit of 1230?
2
What is the hundreds digit of 12419?
4
What is the ten thousands digit of 149167?
4
What is the tens digit of 62?
6
What is the tens digit of 12900?
0
What is the ten thousands digit of 54521?
5
What is the hundreds digit of 1933?
9
What is the units digit of 4287?
7
What is the hundred thousands digit of 113527?
1
What is the hundreds digit of 77465?
4
What is the hundreds digit of 107465?
4
What is the thousands digit of 38102?
8
What is the hundreds digit of 6307?
3
What is the hundreds digit of 4021?
0
What is the hundreds digit of 199?
1
What is the units digit of 6100?
0
What is the tens digit of 1124?
2
What is the tens digit of 81444?
4
What is the thousands digit of 11067?
1
What is the hundreds digit of 2843?
8
What is the ten thousands digit of 16482?
1
What is the units digit of 3217?
7
What is the hundreds digit of 1534?
5
What is the thousands digit of 1783?
1
What is the hundreds digit of 5732?
7
What is the tens digit of 3795?
9
What is the units digit of 138?
8
What is the units digit of 9089?
9
What is the units digit of 8350?
0
What is the tens digit of 2586?
8
What is the tens digit of 71?
7
What is the units digit of 25902?
2
What is the tens digit of 7484?
8
What is the tens digit of 846?
4
What is the thousands digit of 3992?
3
What is the tens digit of 3376?
7
What is the tens digit of 473?
7
What is the units digit of 791?
1
What is the tens digit of 6650?
5
What is the hundreds digit of 1444?
4
What is the thousands digit of 12088?
2
What is the units digit of 29787?
7
What is the hundreds digit of 4558?
5
What is the tens digit of 3573?
7
What is the units digit of 628?
8
What is the ten thousands digit of 31296?
3
What is the units digit of 1042?
2
What is the thousands digit of 1794?
1
What is the hundreds digit of 3092?
0
What is the hundreds digit of 367?
3
What is the thousands digit of 37273?
7
What is the units digit of 7973?
3
What is the tho